 -24aa3951 - -5?
-24aa3947
In base 15, what is d36 + -a691?
-985a
In base 14, what is -d382785 + 5?
-d382780
In base 8, what is -51225 + 24164?
-25041
In base 3, what is 1112 - 20101110002?
-20101101120
In base 13, what is -4 + 6534c0?
6534b9
In base 11, what is 8a + 20?
aa
In base 10, what is -606 - 34221?
-34827
In base 11, what is 61a411 + -29?
61a393
In base 13, what is 14159a86 - -1?
14159a87
In base 8, what is 470571 + 4?
470575
In base 9, what is -22763625 - -5?
-22763620
In base 12, what is -2158a + 23?
-21567
In base 10, what is 124477 - 78?
124399
In base 7, what is 345636140 - -1?
345636141
In base 9, what is -53 - -4284?
4231
In base 12, what is 4302 + -231b8?
-1aab6
In base 15, what is 21076 + -376?
20c00
In base 2, what is -100000000010110111111110101 - -10?
-100000000010110111111110011
In base 6, what is -15 + 113035244?
113035225
In base 11, what is 298 + 565548?
565835
In base 13, what is -2113b + 24?
-21117
In base 4, what is -20212 - -10322123?
10301311
In base 8, what is 102 - 475575?
-475473
In base 13, what is 2873aa1c - 5?
2873aa17
In base 7, what is 33245565 - -43?
33245641
In base 10, what is 424027 + -7?
424020
In base 9, what is 40038051 + -116?
40037834
In base 11, what is 30 + -1a1a6a?
-1a1a3a
In base 9, what is 6 - -12838618?
12838625
In base 9, what is -12580054 - 7?
-12580062
In base 3, what is -1200010 - 10200100?
-12100110
In base 9, what is -16873088 + 66?
-16873022
In base 12, what is 167b0a + -7?
167b03
In base 4, what is -123012 + 1301031?
1112013
In base 10, what is -8 + 60259324?
60259316
In base 11, what is -198 - -104531?
104344
In base 5, what is -44044202434 - 10?
-44044202444
In base 2, what is -1011001 + 111000101001000010?
111000100111101001
In base 11, what is 5 - -9a038?
9a042
In base 9, what is 13803 - -32822?
46725
In base 8, what is -231334012 + -3?
-231334015
In base 14, what is 0 - 1565c8d?
-1565c8d
In base 4, what is -10331120303 + -101?
-10331121010
In base 16, what is -1ca3348 - 3?
-1ca334b
In base 7, what is 620164134 + 15?
620164152
In base 14, what is 14c963 - 11?
14c952
In base 13, what is -2b0c6313 + -3?
-2b0c6316
In base 16, what is 0 - 6a466?
-6a466
In base 9, what is -10 - 35387022?
-35387032
In base 8, what is -1 + -213107550?
-213107551
In base 15, what is -21ec13b + 4?
-21ec137
In base 11, what is 16 + -48a923?
-48a908
In base 9, what is -31 - 40724?
-40755
In base 4, what is -2021100 - 10001023?
-12022123
In base 7, what is 13 + 4221404?
4221420
In base 14, what is -116966d5 - 2?
-116966d7
In base 9, what is 22 + 14682724?
14682746
In base 11, what is 94555 + -5?
94550
In base 4, what is 12221 + 2133002112?
2133020333
In base 16, what is 3 + 14f67f?
14f682
In base 6, what is -123 + -3411331?
-3411454
In base 6, what is -4105024551 + 0?
-4105024551
In base 12, what is b39802 + 6?
b39808
In base 16, what is 9232b6 + 1?
9232b7
In base 8, what is 173225 + -1261?
171744
In base 13, what is -76553 + -b63?
-773b6
In base 4, what is 130010 + 13333131?
20123201
In base 9, what is 1235321 + -117?
1235203
In base 16, what is -5 + 13f8e4b?
13f8e46
In base 9, what is -45353624 + 3?
-45353621
In base 15, what is -dd9a8 - -9?
-dd99e
In base 2, what is -11101101000011110 + -10?
-11101101000100000
In base 5, what is 0 - 124400002031?
-124400002031
In base 6, what is -515345443 - 0?
-515345443
In base 6, what is 205145 + 123?
205312
In base 6, what is -2315 + -5010135?
-5012454
In base 4, what is 1031031 - -321322130?
323013221
In base 2, what is -1000111 - 101000101010111100?
-101000101100000011
In base 2, what is 1000101010000000111 - -11001010?
1000101010011010001
In base 3, what is 2120100 + -2001011?
112012
In base 16, what is 24 + 159e1?
15a05
In base 6, what is -4232132 + 21?
-4232111
In base 2, what is 11101101010 - -1000110000111?
1100011110001
In base 8, what is -2153 - 15671?
-20044
In base 7, what is 412 + -520332?
-516620
In base 14, what is 1 - -34a94135?
34a94136
In base 11, what is 236669 + -12?
236657
In base 16, what is -eba + b309?
a44f
In base 9, what is 388547 - 352?
388185
In base 13, what is c113 + 23b?
c351
In base 3, what is -12101 + -11222111000?
-11222200101
In base 5, what is 3 + 32240033434?
32240033442
In base 6, what is 245220050 - 4?
245220042
In base 3, what is -120022201210100 - 1?
-120022201210101
In base 5, what is 30032003 - 130?
30031323
In base 2, what is -11 + -111001110110011011001101?
-111001110110011011010000
In base 13, what is 5b66587 - -23?
5b665aa
In base 10, what is 40 + -7468?
-7428
In base 2, what is -100 + 1001001010001001101101111100?
1001001010001001101101111000
In base 4, what is 210020 + 101101223?
101311303
In base 11, what is -28 - 1207989?
-1207a06
In base 14, what is 254622b + b?
2546238
In base 7, what is -21 - -11124240?
11124216
In base 3, what is -12122202212201 - 111?
-12122202220012
In base 2, what is 101101001110 + -10000001011001111?
-1111011110000001
In base 2, what is 1101100111 + 100001011011010?
100011001000001
In base 12, what is -4 - 1164227a?
-11642282
In base 8, what is -6561763 - 5?
-6561770
In base 16, what is 128 - aa8f7?
-aa7cf
In base 12, what is 29b854b - 3?
29b8548
In base 4, what is -1110220110 - -1001?
-1110213103
In base 6, what is 130 + 3025414?
3025544
In base 9, what is -585 + -20461?
-21156
In base 14, what is -3d9c + -792?
-4750
In base 14, what is 94a3 + -140?
9363
In base 6, what is -520244 - -342?
-515502
In base 11, what is -145950 - 84?
-145a24
In base 11, what is 43832 + 5a?
43891
In base 7, what is -244123043 + -3?
-244123046
In base 7, what is 1442011 - -1041?
1443052
In base 2, what is 1111100101001000100000101 - 100?
1111100101001000100000001
In base 6, what is 3 - 153421314?
-153421311
In base 14, what is 39c437 + c?
39c445
In base 8, what is -26 - -725235?
725207
In base 8, what is -4261453747 - -5?
-4261453742
In base 10, what is 3 + -67659510?
-67659507
In base 6, what is 1055 + -44115205?
-44114110
In base 6, what is -105010 - 151034?
-300044
In base 8, what is -470 - -12626?
12136
In base 13, what is -8c58b5b + 3?
-8c58b58
In base 14, what is -2 + 104a35b?
104a359
In base 11, what is -327a43 - -111?
-327932
In base 5, what is -1144114431 - 2?
-1144114433
In base 13, what is -14 - -1137955?
1137941
In base 6, what is 1 - -12551014053?
12551014054
In base 2, what is -10010001001010000111101001 - 10?
-10010001001010000111101011
In base 13, what is -77a28 + -62?
-77a8a
In base 6, what is -2205 - -23254202?
23251553
In base 11, what is -4 + 180276a0?
18027697
In base 7, what is 2056005 - 23410?
2032265
In base 4, what is -31 + -21203220?
-21203311
In base 12, what is 1441 + -12a05?
-11584
In base 3, what is -11 - -1002112101000100?
1002112101000012
In base 12, what is -2a812755 + 4?
-2a812751
In base 8, what is -121652525 - 5?
-121652532
In base 12, what is 6a274 + 181?
6a435
In base 13, what is -59 - c5119?
-c5175
In base 2, what is 10 + -1101111001010000101010101100?
-1101111001010000101010101010
In base 16, what is -3286aba + 5?
-3286ab5
In base 13, what is 8 - -1c55a1?
1c55a9
In base 12, what is -17872a8 - 18?
-1787304
In base 10, what is 13 - -27126?
27139
In base 8, what is 42044 + -31422?
10422
In base 5, what is 14 - 320230434?
-320230420
In base 7, what is -4 + 30603553?
30603546
In base 10, what is 153 - 1127476?
-1127323
In base 5, what is -1122121 + -303?
-1122424
In base 14, what is 6629 - c18?
5811
In base 11, what is -139a - -a183?
8894
In base 6, what is 1455120502 - 4?
1455120454
In base 13, what is -105 + 24b36?
24a31
In base 8, what is 30 - -423014?
423044
In base 5, what is 10 + 12204204141?
12204204201
In base 2, what is 1100100101 - 1000110111101111010?
-1000110110001010101
In base 15, what is 9ac0 - -da06?
185c6
In base 5, what is 2101122323 - 11?
2101122312
In base 4, what is -31120 - -1301?
-23213
In base 8, what is -24251437 - 6?
-24251445
In base 16, what is 3d2c + -1a2?
3b8a
In base 8, what is 35 - 1003466?
-1003431
In base 4, what is -1000322103 + -2032?
-1000330201
In base 16, what is 168776 + 0?
168776
In base 15, what is -e - 180246b?
-180247a
In base 16, what is 1 + 5a895df?
5a895e0
In base 4, what is 2123 - -30030331?
30033120
In base 10, what is 18 + 651367?
651385
In base 9, what is -14 + -2010435?
-2010450
In base 12, what is -131 - 8030?
-8161
In base 